 + 2. Calculate g(-8).
26
Let j(z) = 3*z**2 - 9*z + 12. Give j(2).
6
Let d(g) = g**2 + 8*g + 25. Give d(-5).
10
Let z(w) = -5*w - 132. Give z(-27).
3
Let s(t) = -t**2 + 10*t - 11. What is s(9)?
-2
Let r(m) = 7*m + 346. Calculate r(-50).
-4
Let q(v) = -v**2 + 10*v - 5. Give q(10).
-5
Let q(m) = -m**2 + 8*m + 27. Determine q(13).
-38
Let f(o) = 2*o**2 + 6*o - 5. Calculate f(-5).
15
Let x(h) = -32*h + 116. What is x(4)?
-12
Let k(g) = g**2 - g - 44. What is k(0)?
-44
Let g(x) = -4*x + 7. Calculate g(-7).
35
Let r(y) = 3*y**2 - 5*y + 10. Determine r(7).
122
Let v(y) = -17*y + 1. Give v(3).
-50
Let a(s) = -s**2 - 18*s - 11. Determine a(-19).
-30
Let p(v) = -v**3 + 6*v**2 - 2*v + 8. Determine p(6).
-4
Let w(i) = i**2 + 28*i - 20. What is w(-28)?
-20
Let d(c) = -3*c**2 + 13*c + 85. Calculate d(8).
-3
Let n(a) = 40*a - 104. Calculate n(3).
16
Let m(c) = c**3 + c**2 + c - 41. Give m(0).
-41
Let q(w) = -w**2 + 5*w + 2. Give q(4).
6
Let b(l) = -l**2 - 18*l + 35. Calculate b(-19).
16
Let q(v) = -v**3 + 9*v**2 - 13*v + 8. What is q(8)?
-32
Let l(k) = 4*k**2 - k. Give l(2).
14
Let f(o) = o**3 + 21*o**2 + 20*o - 18. Determine f(-20).
-18
Let s(j) = j**3 + 16*j**2 + j + 18. Calculate s(-16).
2
Let f(n) = n**3 - 6*n**2 + 4*n + 6. Calculate f(5).
1
Let j(o) = 2*o**3 - o**2 + o + 1. Determine j(-1).
-3
Let c(v) = -v**3 - 4*v**2 + 2*v + 9. What is c(-4)?
1
Let g(q) = -q**3 - 69*q**2 + 138*q - 286. What is g(-71)?
-2
Let t(x) = 4*x**3 + 31*x**2 - 7*x + 10. Give t(-8).
2
Let h(t) = -t**3 - 78*t**2 - 6. Give h(-78).
-6
Let p(q) = -q - 8. Give p(3).
-11
Let u(f) = -f**3 - 6*f**2 + 32*f + 57. What is u(-9)?
12
Let n(r) = -r**2 - r - 14. What is n(6)?
-56
Let r(d) = -d**3 - d**2 - d + 3. Give r(0).
3
Let j(k) = k**3 + 8*k**2 + 10*k - 10. What is j(-6)?
2
Let x(o) = -o**3 + 14*o**2 - 15*o + 20. What is x(13)?
-6
Let r(t) = 5*t**2 + 8. What is r(4)?
88
Let x(m) = m**2 + 8*m + 2. Give x(-6).
-10
Let f(s) = 13*s + 166. Determine f(-8).
62
Let p(g) = -g**2 - 18*g - 68. Give p(-8).
12
Let f(z) = z**3 + 7*z**2 - 6*z - 5. Give f(-7).
37
Let c(l) = 3*l**2 + 19*l + 19. Calculate c(-8).
59
Let y(i) = -6*i. Determine y(7).
-42
Let g(h) = 2*h**2 - 14*h + 18. Give g(8).
34
Let q(f) = -f**3 - 5*f**2 + 24*f + 68. Give q(-7).
-2
Let g(p) = p**3 - 33*p**2 - 2*p + 16. Give g(33).
-50
Let i(c) = c**3 + 5*c**2 - 4*c + 7. What is i(-6)?
-5
Let s(q) = -27*q**3 - 2*q**2 + q. Give s(1).
-28
Let l(m) = -m**3 - 4*m**2 - 3*m - 3. Give l(-3).
-3
Let a(n) = -n + 2. Give a(6).
-4
Let i(y) = -10*y + 352. Calculate i(34).
12
Let w(h) = -2*h + 33. Calculate w(0).
33
Let b(w) = -w**3 + 18*w**2 - 29*w + 196. Calculate b(17).
-8
Let b(l) = 2*l**2 + 2*l + 1. Give b(-5).
41
Let m(k) = k - 5. What is m(-7)?
-12
Let k(c) = 3*c**2 + 5*c - 4. Calculate k(-5).
46
Let f(k) = -k**2 + k - 9. Determine f(0).
-9
Let s(a) = -a**2 + 58*a + 185. Calculate s(61).
2
Let m(t) = 3*t - 11. Determine m(8).
13
Let t(v) = -40*v**3 - v**2 + v - 1. What is t(1)?
-41
Let l(f) = 2*f**3 + 6*f**2 - f - 4. Give l(0).
-4
Let r(k) = -k + 18. Calculate r(6).
12
Let b(h) = -14*h + 13. Determine b(3).
-29
Let t(x) = 40*x**2 + 4*x - 1. Calculate t(1).
43
Let s(u) = 3*u**2 + 5*u - 14. Determine s(2).
8
Let a(n) = -n**3 + 8*n**2 + 5*n - 35. Give a(8).
5
Let r(q) = q**2 - q + 3. Give r(0).
3
Let u(r) = 5*r**2 + 2. Give u(1).
7
Let v(h) = -5*h + 2. Determine v(11).
-53
Let k(p) = 6*p**3 - 2*p**2 + 1. Calculate k(2).
41
Let d(u) = 2*u**2 - 7*u - 11. What is d(5)?
4
Let z(b) = -b**3 - 8*b**2 - 6*b + 40. Calculate z(-6).
4
Let z(j) = -j**2 + 8*j - 10. Determine z(7).
-3
Let l(i) = -i**2 + 27*i - 39. Calculate l(26).
-13
Let w(m) = -m**3 + m**2 + 8*m - 2. Calculate w(4).
-18
Let p(o) = o**3 - 11*o**2 + 18*o - 2. Give p(9).
-2
Let q(u) = -u**3 - 5*u**2 - 5*u + 16. Calculate q(-6).
82
Let d(m) = -5*m + 2. Determine d(1).
-3
Let w(p) = 25*p + 274. What is w(-12)?
-26
Let l(p) = 5*p - 31. Give l(14).
39
Let z(s) = -s**2 + 17*s + 25. What is z(21)?
-59
Let z(j) = -j**3 - 12*j**2 + 6*j + 14. What is z(-13)?
105
Let p(r) = -r**2 + 11*r - 4. What is p(10)?
6
Let l(r) = r**3 - 11*r**2 - 2*r + 15. Determine l(11).
-7
Let z(l) = l**3 - 24*l**2 - 81*l + 1. Give z(27).
1
Let p(r) = 2*r**2 - 27*r - 39. Calculate p(15).
6
Let s(u) = -u**2 - 1. Calculate s(-3).
-10
Let a(z) = -2*z**3 - 13*z**2 - 7*z - 5. What is a(-6)?
1
Let x(t) = t**3 + 12*t**2 - 11*t - 16. Calculate x(-13).
-42
Let k(b) = 4*b + 26. Give k(-8).
-6
Let b(v) = -2*v**3 - 23*v**2 + 13*v + 10. Determine b(-12).
-2
Let u(l) = -l + 17. What is u(4)?
13
Let j(g) = -g**2 + 19*g - 26. Calculate j(11).
62
Let v(g) = g**2 - 11*g + 10. Determine v(11).
10
Let k(a) = 2*a**2 + 18*a - 10. What is k(-9)?
-10
Let x(t) = -t**2 - 16*t - 66. Determine x(-7).
-3
Let s(a) = -8*a - 94. Give s(-12).
2
Let b(c) = 6*c**3 - 4*c**2 - 2*c + 1. Give b(-2).
-59
Let w(b) = 5*b + 1. Calculate w(-2).
-9
Let f(u) = 5*u - 59. Determine f(10).
-9
Let d(c) = 2*c**3 - 24*c**2 + 41*c - 14. Calculate d(10).
-4
Let n(p) = p**3 - 2*p**2 - 5*p + 3. What is n(4)?
15
Let n(f) = -2*f**3 + 10*f**2 - 12*f + 62. What is n(5)?
2
Let u(k) = -k**3 + 7*k**2 - 8*k + 10. Determine u(6).
-2
Let l(z) = z**2 + 6. Determine l(0).
6
Let z(a) = -37*a - 821. Determine z(-22).
-7
Let t(p) = p**3 + 6*p**2 - 8. Give t(-5).
17
Let n(q) = 5*q**2 + 8*q - 10. Calculate n(4).
102
Let p(g) = 6*g**2 - 13*g + 7. Give p(3).
22
Let q(d) = -2*d - 24. Determine q(-23).
22
Let z(c) = 5*c**2 + 3*c - 1. What is z(-5)?
109
Let a(s) = -s**3 - 25*s**2 + s + 20. Give a(-25).
-5
Let s(g) = -2*g - 9. Calculate s(-7).
5
Let k(z) = -17*z**2 + z - 1. What is k(-2)?
-71
Let s(p) = p - 8. Give s(14).
6
Let a(w) = -w**3 - w**2 - 6*w + 20. Give a(0).
20
Let g(w) = 3*w**2 - w. What is g(2)?
10
Let v(z) = -z**3 - 6*z**2 + 4*z + 10. Calculate v(-6).
-14
Let s(n) = -n**3 - 7*n**2 + 7. Determine s(-7).
7
Let k(h) = -h**2 - 4*h + 1. Give k(-7).
-20
Let p(m) = -m**3 - 5*m**2 + 2*m - 3. Determine p(-5).
-13
Let o(y) = y**3 + 5*y**2 - 3*y + 1. Give o(-4).
29
Let h(b) = b**3 + 9*b**2 - 25*b - 35. Determine h(-11).
-2
Let g(q) = 3*q**3 + 136*q**2 + 47*q + 90. Give g(-45).
0
Let k(z) = -z**3 - z**2 - 36. What is k(0)?
-36
Let a(w) = w**3 - 5*w**2 - w - 4. Give a(4).
-24
Let r(a) = -5*a - 29. Determine r(-17).
56
Let u(b) = 37*b - 57. What is u(3)?
54
Let v(f) = -f**2 - 5*f - 20. Give v(-9).
-56
Let r(g) = -g**2 - 31*g + 60. Calculate r(2).
-6
Let s(j) = j**3 - 7*j**2 - 6*j - 19. Determine s(8).
-3
Let g(d) = 3*d - 45. What is g(5)?
-30
Let y(p) = p - 7. Determine y(9).
2
Let o(a) = 2*a - 13. Give o(0).
-13
Let x(k) = -k**2 + 9*k - 2. What is x(8)?
6
Let z(l) = -l**3 + 15*l**2 + 18*l - 25. What is z(16)?
7
Let w(s) = s**2 - 8*s + 14. Calculate w(10).
34
Let u(v) = -32*v**3 - 2*v**2 + 1. What is u(-1)?
31
Let g(t) = -4*t + 6. Calculate g(-7).
34
Let i(s) = -s**3 + 12*s**2 + 30*s - 32. Determine i(14).
-4
Let u(l) = 4*l**2 - 2*l - 1. Calculate u(-1).
5
Let a(i) = -9*i + 5. Determine a(-5).
50
Let s(p) = -p**3 + 5*p**2 - 5*p - 2. Give s(4).
-6
Let p(k) = -2*k - 1. Give p(0).
-1
Let l(a) = a**3 - 14*a**2 + 17. Give l(14).
17
Let n(g) = 2*g - 24. Calculate n(-16).
-56
Let a(b) = b**2 - 18*b + 11. Determine a(17).
-6
Let j(q) = -q**3 - q**2 + 4*q - 12. What is j(2)?
-16
Let t(v) = v - 7. Give t(5).
-2
Let o(k) = -k**2 + 46*k + 490. What is o(-9)?
-5
Let g(y) = -y**3 + 7*y**2 - 4*y. Determine g(6).
12
Let d(a) = -a**2 - 2*a - 1. What is d(-6)?
-25
Let s(o) = -3*o**3 - o. Calculate s(-1).
4
Let j(u) = 2*u + 20. What is j(-7)?
6
Let t(j) = j**3 + 7*j**2 + 7*j - 7. Give t(-6).
-13
Let c(w) = -2*w**2 + 67*w + 2. Determine c(33).
35
Let f(i) = i + 3. What is f(-24)?
-21
Let z(r) = -r**3 - 5*r**2 - 2*r - 13. Determine z(-5).
-3
Let y(d) = -8*d - 72. What is y(-10)?
8
Let p(a) = -a**2 + 23*a - 11. Give p(22).
11
Let u(g) = -2*g**3 - 36*g**2 - 36*g - 27. What is u(-17)?
7
Let u(c) = 2*c + 77. What is u(-35)?
7
Let a(f) = -2*f**2 + 13*f - 17. Calculate a(5).
-2
Let k(g) = 7*g. Give k(4).
28
Let s(k) = -21*k + 2. Determine s(1).
-19
Let t(p) = -p - 4. Calculate t(-4).
0
Let g(j) = 14*j**2 + 2*j - 2. Calculate g(1).
14
Let s(h) = 10*h + 88. Determine s(-9).
-2
Let k(t) = 2*t**2 - 39*t + 12. What is k(19)?
-7
Let c(a) = 3*a + 5. Determine c(8).
29
Let d(y) = -8*y - 193. Give d(-24).
-1
Let u(j) = -j**3 + j**2 - 3*j